. Let v(l) = -24*l**3 + l**2 + 3*l + 1. Let k be v(-2). Suppose w*s + 71 = k. List the prime factors of s.
2, 3
Let w be (1/3)/((-3)/27). Let v(f) = -3*f + 5. List the prime factors of v(w).
2, 7
Suppose -4*m - 27 = 4*t - 107, 0 = -5*m + t + 76. List the prime factors of m.
2
Let h(j) be the second derivative of j**4/12 + j**3/2 + 3*j**2/2 + 2*j. List the prime factors of h(4).
31
Let h(z) = 3*z**3 - 8*z**2 + 7*z - 12. What are the prime factors of h(5)?
2, 3, 11
Let v = 28 + -20. Let o(l) = -l - 1. Let n(g) = g**2 - 13*g. Let j(u) = n(u) - 6*o(u). List the prime factors of j(v).
2, 7
Suppose 7 = 3*w - 5. Let q be w/1*(-1)/(-2). Suppose 4*b = 34 - q. List the prime factors of b.
2
Suppose 5*d + 4*x = 14, 2*x - 13 = -4*d - 3. List the prime factors of (-8 + 6)/(d/(-14)).
2, 7
What are the prime factors of (16/24)/((-1)/(-3))?
2
Let d be (-1 - (3 + -3)) + 46. List the prime factors of -1 + -2 + (d - 4).
2, 19
Let a(b) = 5*b**3 - 3*b - 2. Let o be a(-2). Let c = o + 51. Suppose 0 = -5*s + c - 5. What are the prime factors of s?
2
Let p(w) = 24*w + 6. Let k be p(-3). What are the prime factors of (-3 + 5)*k/(-4)?
3, 11
Let l = 2 + 3. Suppose v + 24 = 3*v + l*q, -2*q + 2 = -3*v. List the prime factors of (-10)/(v + -3 - 1).
5
Suppose s = 2*s - 40. Suppose -3*f = -s - 17. What are the prime factors of f?
19
Let f(l) = l**2 - l - 4. Suppose -k = -5*q + 16, -5*k = 3*q + 1 - 5. Let w be f(q). Suppose -1 = -w*b + 5. What are the prime factors of b?
3
Let x(g) = g - 1. Let s be x(4). List the prime factors of 45/(-10)*(-8)/s.
2, 3
Let m(l) = 4*l**2 - 4*l + 3. Let c be m(4). Let x = c - 11. Suppose -5*j = -j - x. List the prime factors of j.
2, 5
Let g be 0 + (-3 - -3 - -29). Suppose 2*f + 4*q - 2 = 0, 4*q - g = -5*f - 0*q. What are the prime factors of 39/f + (-3)/9?
2
Suppose 6*m - 3*m = 543. What are the prime factors of m?
181
Let r be (-1 - -1) + -3 + 0. List the prime factors of -3 + (r - -5)*8.
13
Let v(f) = -17*f + 1. Let h(x) = x**3 - 6*x**2 - 9*x + 8. Let y be h(7). Let m be (4/6)/(4/y). What are the prime factors of v(m)?
2, 3
Let z be ((-7)/(-2) - 0)*2. Suppose 3*i - 15 = -2*m, -5 = -i - 3*m + z. What are the prime factors of (-2)/(-6) - (-11)/i?
2
Let t be (-4)/(-6)*(-2 + -1). Let a be (4/(-10))/(t/10). Let u = 8 + a. What are the prime factors of u?
2, 5
Suppose 1 = w - 1. Let r(s) = s + 12. Let v be r(-7). Suppose 0 = 3*o - 3 + 6, w*m - v*o - 29 = 0. What are the prime factors of m?
2, 3
Let f(n) = -12*n. Let q be f(-3). Let t = q - 13. Let v = -12 + t. List the prime factors of v.
11
Let u(x) = 3 + 0 - 2. Let v(l) = l**3 - 7*l**2 + 7*l - 1. Let h(g) = -3*u(g) + v(g). List the prime factors of h(6).
2
Suppose 0*w + 230 = 2*w - 3*h, 125 = w - 4*h. What are the prime factors of w?
109
Let m = 14 - 24. Let n = 35 + m. List the prime factors of n.
5
Let q(w) = 67*w**2 - w. Let k be q(1). Suppose -4*u = -5*i - 61, 4*i = -4*u - u + k. List the prime factors of u.
2, 7
Suppose 104 = 3*y - 5*s, 8 - 3 = s. What are the prime factors of y?
43
Suppose -1 + 17 = 4*o. Suppose -2 - 6 = -o*i. Suppose 0 = -3*m, 0*j - 5*m = -i*j + 16. List the prime factors of j.
2
Let r(z) = z + 218. List the prime factors of r(0).
2, 109
Suppose -15*t = -13*t - 602. List the prime factors of t.
7, 43
Let h(f) = f**3 - 5*f**2 - 6*f + 2. Let n = 1 + 5. List the prime factors of h(n).
2
Suppose -7*h + 2*h = 0. Suppose h = -5*o + o + 24. Suppose -2*b + b + o = 0. What are the prime factors of b?
2, 3
Let g(b) = -b**3 - 4*b**2 - 3*b + 4. What are the prime factors of g(-4)?
2
Let p(h) = 26*h - 45. What are the prime factors of p(11)?
241
What are the prime factors of (38/57)/(4/2010)?
5, 67
Suppose 5*i = 19 + 1. Let z = 12 - 0. Suppose y + i*d + z = 0, 4*y - 3*d = 2 + 26. What are the prime factors of y?
2
Let k = 139 - 77. Suppose -7 + k = 5*f. List the prime factors of f.
11
Suppose -c = 4*c - 155. List the prime factors of c.
31
Suppose 2*y + 10 = 5*a, -2*y + 5 = a - 9. Suppose y*o - 4*q = -222, o - 4*q = -0*o - 54. What are the prime factors of o/(-8) - (-2)/(-8)?
5
Suppose 6*c - 80 = -5*o + c, 3*o + 4*c - 53 = 0. List the prime factors of o.
11
Suppose 4*h = -3*b - b - 208, h + 62 = 4*b. Let n = -31 - h. What are the prime factors of n?
23
Let d(o) = -2*o**3 - 3*o**2 + 4*o + 2. List the prime factors of d(-3).
17
Let h(f) be the first derivative of f**3/3 + 5*f**2/2 + 5*f - 4. Let c(v) = -v - 2. Let p be c(4). List the prime factors of h(p).
11
Suppose 0 = -z + 4. Suppose -z*x = -5*p + 24, -3*p + x + 16 = -x. List the prime factors of p.
2
Suppose 4*s = -4*u - 16, -u + 2*s = 2*u - 8. Suppose -2*k + 4*g + 3 - 5 = u, 4*g = 4*k - 8. What are the prime factors of k?
5
Let h(y) = -y**2 - y + 10. Let q be h(0). Suppose q*u - 68 = 6*u. What are the prime factors of u?
17
Let l(h) = 38*h - 1. Let y be l(1). Let k(d) = d**2 + d - 2. Let b be k(-3). Suppose -b*t = m - y, -3*t + 9 = -6. What are the prime factors of m?
17
Let w(v) = v**3 + 6*v**2 + 2*v - 6. What are the prime factors of w(-4)?
2, 3
Let k(w) = -w - 3. Let o be k(3). Suppose 2*r - 3*r + 10 = -v, 0 = 3*v - 6. Let l = o + r. What are the prime factors of l?
2, 3
Let l(x) = 1 + 8*x**2 + 0 + x - 3*x. List the prime factors of l(1).
7
Let z(w) = 5*w. Let y be z(-2). What are the prime factors of ((-4)/y)/((-1)/(-65))?
2, 13
Suppose a - 1 = 2. What are the prime factors of -2 - (-26)/(-2 + a)?
2, 3
Let n(i) = i**2 - 8*i - 11. Let d be n(11). Let u = 5 + d. What are the prime factors of u?
3
Let d(i) = i**3 + 2*i**2 - 4*i - 3. Let a be (2 - (-2)/(-1))/(-2). Let l(k) = -k**3 - k**2 + k - 2. Let g be l(a). List the prime factors of d(g).
5
Let w(v) = v**2 - 3*v - 7. Let t be w(5). Suppose t + 3 = m. Let o = m - -1. What are the prime factors of o?
7
Suppose 0*i - 3*i + 40 = 5*x, 5*i - 40 = -3*x. List the prime factors of -62*(20/(-8))/x.
31
Let z = 4 - 1. Suppose 83 = 5*x + 2*a, -z*x - 2*x = -3*a - 88. What are the prime factors of x?
17
Suppose -3*j + 8*j - 287 = -c, 4*j + 5*c = 217. Suppose -2*y + j = -l, l = 5*y - 6*y + 26. List the prime factors of y.
2, 7
Suppose -o - 5*k + 16 = 2*o, 2*o + 3*k = 10. Suppose 0 = x + 2*y - 4, o*x + 4*y - 6*y - 32 = 0. Suppose -i = i - x. What are the prime factors of i?
2, 3
Let t(h) = -3*h**2 - 11*h + 8. Let g(k) = -7*k**2 - 23*k + 17. Let m(c) = -2*g(c) + 5*t(c). Let o = 16 - 23. List the prime factors of m(o).
2, 5
Let y = -53 - -85. List the prime factors of y.
2
Let t(i) be the third derivative of i**6/120 - 17*i**5/60 - 3*i**4/4 + 25*i**3/6 + 5*i**2. List the prime factors of t(18).
5
Let a = 2 + 3. Suppose 0*o + 3*l = -a*o, -4*o + 7 = l. What are the prime factors of o?
3
Let f(g) = g**2. Let x(j) = j + 8. Let c be x(-3). Suppose -3 = -k - s, -6 = c*k + s - 1. What are the prime factors of f(k)?
2
Let p(v) = 7*v - 11. Let x be p(8). Let i = -25 + x. What are the prime factors of i?
2, 5
Suppose -10*k = -8*k - 194. List the prime factors of k.
97
Let r(t) = -t**3 + 2*t**2 - 2*t + 2. Let g be r(2). Let m(d) = 3*d**2. What are the prime factors of m(g)?
2, 3
Let f be 45/21 + 1/(-7). Suppose 0 = 3*t - 2*q - 36, 2*t - 4*t = f*q - 24. List the prime factors of t.
2, 3
Let r = -8 + -2. Let q = -10 - r. Suppose -4*c + q*c = -4*i + 4, 2*c + 8 = 4*i. List the prime factors of i.
3
Suppose 2*m - 137 = -v, 0*v - 2*m = 5*v - 717. List the prime factors of v.
5, 29
Suppose d - 12 = -5*f + 23, 20 = 4*d. Let a(w) = w**3 - 7*w**2 - 8*w. Let g be a(8). Suppose 2*n + 0*n - f = g. What are the prime factors of n?
3
List the prime factors of (-5)/((-3)/(-315)*-3).
5, 7
Suppose k + 29 = 67. List the prime factors of k.
2, 19
Let z = -27 + 70. What are the prime factors of z?
43
Suppose 2*m - 20 = -3*m + 2*a, -a = -4*m + 16. Suppose 5*k - 30 = -2*o - 0*k, 31 = 3*o + m*k. Suppose c = o*c - 24. What are the prime factors of c?
2, 3
Let u(q) = -q**2 - 13*q + 21. What are the prime factors of u(-12)?
3, 11
Let u(g) = -g - 4. Let c be u(4). Let a = 35 + c. List the prime factors of a.
3
What are the prime factors of ((-5)/10)/(3/(-234))?
3, 13
Let s(j) = j**2 + 5*j + 5. Let b be s(-5). Suppose b*k - 18 = 4*k. List the prime factors of k.
2, 3
Let d be (-573)/(-27) + (-6)/27. Suppose -4*t = -2*j + 18 + 46, 4*t - 64 = -2*j. Let r = j - d. List the prime factors of r.
11
Let z = -20 - -22. Suppose 3*t - 40 = 